{"id":2,"date":"2018-08-28T12:04:41","date_gmt":"2018-08-28T18:04:41","guid":{"rendered":"http:\/\/132.247.186.55\/?page_id=2"},"modified":"2022-07-09T23:40:17","modified_gmt":"2022-07-10T04:40:17","slug":"pagina-ejemplo","status":"publish","type":"page","link":"https:\/\/euterpe.alternativagrafica.mx\/?page_id=2","title":{"rendered":"Directorio"},"content":{"rendered":"<div id=\"pl-2\"  class=\"panel-layout\" ><div id=\"pg-2-0\"  class=\"panel-grid panel-no-style\" ><div id=\"pgc-2-0-0\"  class=\"panel-grid-cell\" ><div id=\"panel-2-0-0-0\" class=\"so-panel widget widget_sow-editor panel-first-child panel-last-child\" data-index=\"0\" ><div\n\t\t\t\n\t\t\tclass=\"so-widget-sow-editor so-widget-sow-editor-base\"\n\t\t\t\n\t\t>\n<div class=\"siteorigin-widget-tinymce textwidget\">\n\t<p>&nbsp;<\/p>\n<h1><strong>Investigadores<\/strong><\/h1>\n<p>&nbsp;<\/p>\n<p>&nbsp;<\/p>\n<div class=\"row\">\n<div class=\"col-md-3 col-sm-3 col-xs-3\"><a href=\"https:\/\/euterpe.enesmorelia.unam.mx\/?p=8000\"><img decoding=\"async\" src=\"https:\/\/euterpe.enesmorelia.unam.mx\/wp-content\/uploads\/2021\/05\/EdgarCalderon.jpg\" width=\"300px\" \/><br \/>\n<strong>\u00c9dgar Alejandro Calder\u00f3n Alc\u00e1ntar<\/strong><\/a><\/div>\n<div class=\"col-md-3 col-sm-3 col-xs-3\"><a href=\"https:\/\/euterpe.enesmorelia.unam.mx\/?p=8056\"><img decoding=\"async\" src=\"https:\/\/euterpe.enesmorelia.unam.mx\/wp-content\/uploads\/2021\/05\/NelsonHurtado.jpg\" width=\"300px\" \/><br \/>\n<strong>Nelson Hurtado<\/strong><\/a><\/div>\n<div class=\"col-md-3 col-sm-3 col-xs-3\"><a href=\"https:\/\/euterpe.enesmorelia.unam.mx\/?p=8059\"><img decoding=\"async\" src=\"https:\/\/euterpe.enesmorelia.unam.mx\/wp-content\/uploads\/2021\/05\/AnastasiaKrutitskaya.jpg\" width=\"300px\" \/><br \/>\n<strong>Anastasia Krutitskaya<\/strong><\/a><\/div>\n<\/div>\n<p>&nbsp;<\/p>\n<div class=\"row\">\n<div class=\"col-md-3 col-sm-3 col-xs-3\"><a href=\"https:\/\/euterpe.enesmorelia.unam.mx\/?p=8064\"><img decoding=\"async\" src=\"https:\/\/euterpe.enesmorelia.unam.mx\/wp-content\/uploads\/2021\/05\/MariaAnaBeatrizMasera.jpg\" width=\"300px\" \/><br \/>\n<strong>Mar\u00eda Ana Beatriz Masera Cerutti<\/strong><\/a><\/div>\n<div class=\"col-md-3 col-sm-3 col-xs-3\"><a href=\"https:\/\/euterpe.enesmorelia.unam.mx\/?p=8066\"><img decoding=\"async\" src=\"https:\/\/euterpe.enesmorelia.unam.mx\/wp-content\/uploads\/2021\/05\/OmarMoralesAbril.jpg\" width=\"300px\" \/><br \/>\n<strong>Omar Morales Abril<\/strong><\/a><\/div>\n<div class=\"col-md-3 col-sm-3 col-xs-3\"><a href=\"https:\/\/euterpe.enesmorelia.unam.mx\/?p=8073\"><img decoding=\"async\" src=\"https:\/\/euterpe.enesmorelia.unam.mx\/wp-content\/uploads\/2021\/05\/BarbaraPerezRuiz.jpg\" width=\"300px\" \/><br \/>\n<strong>B\u00e1rbara P\u00e9rez Ruiz<\/strong><\/a><\/div>\n<\/div>\n<p>&nbsp;<\/p>\n<div class=\"row\">\n<div class=\"col-md-3 col-sm-3 col-xs-3\"><a href=\"https:\/\/euterpe.enesmorelia.unam.mx\/?p=8077\"><img decoding=\"async\" src=\"https:\/\/euterpe.enesmorelia.unam.mx\/wp-content\/uploads\/2021\/05\/JuliaSabena.jpg\" width=\"300px\" \/><br \/>\n<strong>Julia Sabena<\/strong><\/a><\/div>\n<div class=\"col-md-3 col-sm-3 col-xs-3\"><a href=\"https:\/\/euterpe.enesmorelia.unam.mx\/?p=8080\"><img decoding=\"async\" src=\"https:\/\/euterpe.enesmorelia.unam.mx\/wp-content\/uploads\/2021\/05\/TadeoPabloStein.jpg\" width=\"300px\" \/><br \/>\n<strong>Tadeo Pablo Stein<\/strong><\/a><\/div>\n<div class=\"col-md-3 col-sm-3 col-xs-3\"><a href=\"https:\/\/euterpe.enesmorelia.unam.mx\/?p=8083\"><img decoding=\"async\" src=\"https:\/\/euterpe.enesmorelia.unam.mx\/wp-content\/uploads\/2021\/05\/AurelioTello.jpg\" width=\"300px\" \/><br \/>\n<strong>Aurelio Tello<\/strong><\/a><\/div>\n<\/div>\n<p>&nbsp;<\/p>\n<h1><strong>Colaboradores<\/strong><\/h1>\n<p><strong><em>Fuentes po\u00e9tico-musicales del Archivo del Colegio de Santa Rosa de Santa Mar\u00eda<\/em><\/strong><\/p>\n<p>&nbsp;<\/p>\n<div class=\"row\">\n<div class=\"col-md-3 col-sm-3 col-xs-3\"><a href=\"https:\/\/euterpe.enesmorelia.unam.mx\/?p=8087\"><img decoding=\"async\" src=\"https:\/\/euterpe.enesmorelia.unam.mx\/wp-content\/uploads\/2021\/05\/AbrahamAguilarGomez.jpg\" width=\"300px\" \/><br \/>\n<strong>Abraham Aguilar G\u00f3mez<\/strong><\/a><\/div>\n<div class=\"col-md-3 col-sm-3 col-xs-3\"><a href=\"https:\/\/euterpe.enesmorelia.unam.mx\/?p=8089\"><img decoding=\"async\" src=\"https:\/\/euterpe.enesmorelia.unam.mx\/wp-content\/uploads\/2021\/05\/HectorIssacBorges.jpg\" width=\"300px\" \/><br \/>\n<strong>H\u00e9ctor Isaac Borges Monta\u00f1o<\/strong><\/a><\/div>\n<div class=\"col-md-3 col-sm-3 col-xs-3\"><img decoding=\"async\" src=\"https:\/\/euterpe.enesmorelia.unam.mx\/wp-content\/uploads\/2021\/05\/Profile.jpg\" width=\"300px\" \/><br \/>\n<strong>Daniel Cornejo C\u00f3rdova<\/strong><\/div>\n<div class=\"col-md-3 col-sm-3 col-xs-3\"><a href=\"https:\/\/euterpe.enesmorelia.unam.mx\/?p=8093\"><img decoding=\"async\" src=\"https:\/\/euterpe.enesmorelia.unam.mx\/wp-content\/uploads\/2021\/05\/JorgeDelgadoLeyva.jpg\" width=\"300px\" \/><br \/>\n<strong>Jorge Delgado Leyva<\/strong><\/a><\/div>\n<\/div>\n<p>&nbsp;<\/p>\n<div class=\"row\">\n<div class=\"col-md-3 col-sm-3 col-xs-3\"><a href=\"https:\/\/euterpe.enesmorelia.unam.mx\/?p=8095\"><img decoding=\"async\" src=\"https:\/\/euterpe.enesmorelia.unam.mx\/wp-content\/uploads\/2021\/05\/FridaDeLosSantosM.jpg\" width=\"300px\" \/><br \/>\n<strong>Frida De los Santos Monroy<\/strong><\/a><\/div>\n<div class=\"col-md-3 col-sm-3 col-xs-3\"><a href=\"https:\/\/euterpe.enesmorelia.unam.mx\/?p=8098\"><img decoding=\"async\" src=\"https:\/\/euterpe.enesmorelia.unam.mx\/wp-content\/uploads\/2021\/05\/GiovannaGarciaTinoco.jpg\" width=\"300px\" \/><br \/>\n<strong>Giovana Garc\u00eda Tinoco<\/strong><\/a><\/div>\n<div class=\"col-md-3 col-sm-3 col-xs-3\"><a href=\"https:\/\/euterpe.enesmorelia.unam.mx\/?p=8100\"><img decoding=\"async\" src=\"https:\/\/euterpe.enesmorelia.unam.mx\/wp-content\/uploads\/2021\/05\/RobertoGonzalezCortes.jpg\" width=\"300px\" \/><br \/>\n<strong>Jos\u00e9 Roberto Gonz\u00e1lez Cort\u00e9s<\/strong><\/a><\/div>\n<div class=\"col-md-3 col-sm-3 col-xs-3\"><a href=\"https:\/\/euterpe.enesmorelia.unam.mx\/?p=8102\"><img decoding=\"async\" src=\"https:\/\/euterpe.enesmorelia.unam.mx\/wp-content\/uploads\/2021\/05\/EduardoPalacios.jpg\" width=\"300px\" \/><br \/>\n<strong>Eduardo Gonz\u00e1lez Palacios<\/strong><\/a><\/div>\n<\/div>\n<p>&nbsp;<\/p>\n<div class=\"row\">\n<div class=\"col-md-3 col-sm-3 col-xs-3\"><a href=\"https:\/\/euterpe.enesmorelia.unam.mx\/?p=8105\"><img decoding=\"async\" src=\"https:\/\/euterpe.enesmorelia.unam.mx\/wp-content\/uploads\/2021\/05\/FridaGuzmanOrtiz.jpg\" width=\"300px\" \/><br \/>\n<strong>Frida Citlalli Guzm\u00e1n Ortiz<\/strong><\/a><\/div>\n<div class=\"col-md-3 col-sm-3 col-xs-3\"><a href=\"https:\/\/euterpe.enesmorelia.unam.mx\/?p=8108\"><img decoding=\"async\" src=\"https:\/\/euterpe.enesmorelia.unam.mx\/wp-content\/uploads\/2021\/05\/IvonneHernandez.jpg\" width=\"300px\" \/><br \/>\n<strong>Samantha Ivonne Hern\u00e1ndez Velasco<\/strong><\/a><\/div>\n<div class=\"col-md-3 col-sm-3 col-xs-3\"><a href=\"https:\/\/euterpe.enesmorelia.unam.mx\/?p=8110\"><img decoding=\"async\" src=\"https:\/\/euterpe.enesmorelia.unam.mx\/wp-content\/uploads\/2021\/05\/AmericaGLopez.jpg\" width=\"300px\" \/><br \/>\n<strong>Am\u00e9rica Guadalupe L\u00f3pez Hern\u00e1ndez<\/strong><\/a><\/div>\n<div class=\"col-md-3 col-sm-3 col-xs-3\"><a href=\"https:\/\/euterpe.enesmorelia.unam.mx\/?p=8113\"><img decoding=\"async\" src=\"https:\/\/euterpe.enesmorelia.unam.mx\/wp-content\/uploads\/2021\/05\/MarianaMendozaGarcia.jpg\" width=\"300px\" \/><br \/>\n<strong>Mariana Mendoza Garc\u00eda<\/strong><\/a><\/div>\n<\/div>\n<p>&nbsp;<\/p>\n<h1><strong>Colaboradores<\/strong><\/h1>\n<p><strong><em>Pliegos de villancicos conservados en ocho bibliotecas mexicanas<\/em><\/strong><\/p>\n<p>&nbsp;<\/p>\n<div class=\"row\">\n<div class=\"col-md-3 col-sm-3 col-xs-3\"><a href=\"https:\/\/euterpe.enesmorelia.unam.mx\/?p=8115\"><img decoding=\"async\" src=\"https:\/\/euterpe.enesmorelia.unam.mx\/wp-content\/uploads\/2021\/05\/ErickEsponda.jpg\" width=\"300px\" \/><br \/>\n<strong>\u00c9rick Esponda Suazo<\/strong><\/a><\/div>\n<div class=\"col-md-3 col-sm-3 col-xs-3\"><a href=\"https:\/\/euterpe.enesmorelia.unam.mx\/?p=8117\"><img decoding=\"async\" src=\"https:\/\/euterpe.enesmorelia.unam.mx\/wp-content\/uploads\/2021\/05\/KarinaJGutierrezM.jpg\" width=\"300px\" \/><br \/>\n<strong>Karina Jhoanna Guti\u00e9rrez Mondrag\u00f3n<\/strong><\/a><\/div>\n<div class=\"col-md-3 col-sm-3 col-xs-3\"><img decoding=\"async\" src=\"https:\/\/euterpe.enesmorelia.unam.mx\/wp-content\/uploads\/2021\/05\/Profile.jpg\" width=\"300px\" \/><br \/>\n<strong>Mario Antonio Iz\u00facar Dur\u00e1n<\/strong><\/div>\n<\/div>\n<p>&nbsp;<\/p>\n<h1><strong>Colaboradores<\/strong><\/h1>\n<p><strong><em>Repertorio de villancicos y cantadas del Archivo Hist\u00f3rico de la Arquidi\u00f3cesis de Antequera Oaxaca (cajas 49 y 50)<\/em><\/strong><\/p>\n<p>&nbsp;<\/p>\n<div class=\"row\">\n<div class=\"col-md-3 col-sm-3 col-xs-3\"><img decoding=\"async\" src=\"https:\/\/euterpe.enesmorelia.unam.mx\/wp-content\/uploads\/2021\/05\/Profile.jpg\" width=\"300px\" \/><br \/>\n<strong>Amed Isaac Aguayo Hern\u00e1ndez<\/strong><\/div>\n<div class=\"col-md-3 col-sm-3 col-xs-3\"><img decoding=\"async\" src=\"https:\/\/euterpe.enesmorelia.unam.mx\/wp-content\/uploads\/2021\/05\/Profile.jpg\" width=\"300px\" \/><br \/>\n<strong>Abilene Cuevas Guajardo<\/strong><\/div>\n<div class=\"col-md-3 col-sm-3 col-xs-3\"><img decoding=\"async\" src=\"https:\/\/euterpe.enesmorelia.unam.mx\/wp-content\/uploads\/2021\/05\/Profile.jpg\" width=\"300px\" \/><br \/>\n<strong>Mariana De los Santos Bautista<\/strong><\/div>\n<div class=\"col-md-3 col-sm-3 col-xs-3\"><a href=\"https:\/\/euterpe.enesmorelia.unam.mx\/?p=8115\"><img decoding=\"async\" src=\"https:\/\/euterpe.enesmorelia.unam.mx\/wp-content\/uploads\/2021\/05\/ErickEsponda.jpg\" width=\"300px\" \/><br \/>\n<strong>\u00c9rick Esponda Suazo<\/strong><\/a><\/div>\n<\/div>\n<p>&nbsp;<\/p>\n<div class=\"row\">\n<div class=\"col-md-3 col-sm-3 col-xs-3\"><img decoding=\"async\" src=\"https:\/\/euterpe.enesmorelia.unam.mx\/wp-content\/uploads\/2021\/05\/Profile.jpg\" width=\"300px\" \/><br \/>\n<strong>Alejandra Yunu\u00e9n Garc\u00eda Mart\u00ednez<\/strong><\/div>\n<div class=\"col-md-3 col-sm-3 col-xs-3\"><a href=\"https:\/\/euterpe.enesmorelia.unam.mx\/?p=8117\"><img decoding=\"async\" src=\"https:\/\/euterpe.enesmorelia.unam.mx\/wp-content\/uploads\/2021\/05\/KarinaJGutierrezM.jpg\" width=\"300px\" \/><br \/>\n<strong>Karina Jhoanna Guti\u00e9rrez Mondrag\u00f3n<\/strong><\/a><\/div>\n<div class=\"col-md-3 col-sm-3 col-xs-3\"><img decoding=\"async\" src=\"https:\/\/euterpe.enesmorelia.unam.mx\/wp-content\/uploads\/2021\/05\/Profile.jpg\" width=\"300px\" \/><br \/>\n<strong>Odel Herrera Paredes<\/strong><\/div>\n<div class=\"col-md-3 col-sm-3 col-xs-3\"><img decoding=\"async\" src=\"https:\/\/euterpe.enesmorelia.unam.mx\/wp-content\/uploads\/2021\/05\/Profile.jpg\" width=\"300px\" \/><br \/>\n<strong>Mario Antonio Iz\u00facar Dur\u00e1n<\/strong><\/div>\n<\/div>\n<p>&nbsp;<\/p>\n<div class=\"row\">\n<div class=\"col-md-3 col-sm-3 col-xs-3\"><img decoding=\"async\" src=\"https:\/\/euterpe.enesmorelia.unam.mx\/wp-content\/uploads\/2021\/05\/Profile.jpg\" width=\"300px\" \/><br \/>\n<strong>Dante Missael Montoya Azpeitia<\/strong><\/div>\n<div class=\"col-md-3 col-sm-3 col-xs-3\"><img decoding=\"async\" src=\"https:\/\/euterpe.enesmorelia.unam.mx\/wp-content\/uploads\/2021\/05\/Profile.jpg\" width=\"300px\" \/><br \/>\n<strong>Aline Mariel Ortiz Molina<\/strong><\/div>\n<div class=\"col-md-3 col-sm-3 col-xs-3\"><img decoding=\"async\" src=\"https:\/\/euterpe.enesmorelia.unam.mx\/wp-content\/uploads\/2021\/05\/Profile.jpg\" width=\"300px\" \/><br \/>\n<strong>Juan Francisco Rangel Y\u00e1\u00f1ez<\/strong><\/div>\n<div class=\"col-md-3 col-sm-3 col-xs-3\"><a href=\"https:\/\/euterpe.enesmorelia.unam.mx\/?p=8120\"><img decoding=\"async\" src=\"https:\/\/euterpe.enesmorelia.unam.mx\/wp-content\/uploads\/2021\/05\/GladysZamora.jpg\" width=\"300px\" \/><br \/>\n<strong>Gladys Andrea Zamora Pineda<\/strong><\/a><\/div>\n<\/div>\n<p>&nbsp;<\/p>\n<h1><strong>Desarrollo, dise\u00f1o y difusi\u00f3n<\/strong><\/h1>\n<p>&nbsp;<\/p>\n<div class=\"row\">\n<div class=\"col-md-3 col-sm-3 col-xs-3\"><a href=\"https:\/\/euterpe.enesmorelia.unam.mx\/?p=8126\"><img decoding=\"async\" src=\"https:\/\/euterpe.enesmorelia.unam.mx\/wp-content\/uploads\/2021\/05\/LennyGarci.jpg\" width=\"300px\" \/><br \/>\n<strong>Lenny Garcidue\u00f1as Huerta<\/strong><\/a><\/div>\n<div class=\"col-md-3 col-sm-3 col-xs-3\"><a href=\"http:\/\/alternativagrafica.mx\" target=\"_blank\" rel=\"noopener\"><img decoding=\"async\" src=\"https:\/\/euterpe.enesmorelia.unam.mx\/wp-content\/uploads\/2021\/05\/Profile.jpg\" width=\"300px\" \/><br \/>\n<strong>AlterNativa Gr\u00e1fica<\/strong><\/a><\/div>\n<div class=\"col-md-3 col-sm-3 col-xs-3\"><\/div>\n<div class=\"col-md-3 col-sm-3 col-xs-3\"><\/div>\n<\/div>\n<p>&nbsp;<\/p>\n<\/div>\n<\/div><\/div><\/div><\/div><\/div>","protected":false},"excerpt":{"rendered":"<p>&nbsp; Investigadores &nbsp; &nbsp; \u00c9dgar Alejandro Calder\u00f3n Alc\u00e1ntar Nelson Hurtado Anastasia Krutitskaya &nbsp; Mar\u00eda Ana Beatriz Masera Cerutti Omar Morales Abril B\u00e1rbara P\u00e9rez Ruiz &nbsp; Julia Sabena Tadeo Pablo Stein [&hellip;]<\/p>\n","protected":false},"author":1,"featured_media":0,"parent":0,"menu_order":0,"comment_status":"closed","ping_status":"closed","template":"page_fullwidth.php","meta":{"footnotes":""},"_links":{"self":[{"href":"https:\/\/euterpe.alternativagrafica.mx\/index.php?rest_route=\/wp\/v2\/pages\/2"}],"collection":[{"href":"https:\/\/euterpe.alternativagrafica.mx\/index.php?rest_route=\/wp\/v2\/pages"}],"about":[{"href":"https:\/\/euterpe.alternativagrafica.mx\/index.php?rest_route=\/wp\/v2\/types\/page"}],"author":[{"embeddable":true,"href":"https:\/\/euterpe.alternativagrafica.mx\/index.php?rest_route=\/wp\/v2\/users\/1"}],"replies":[{"embeddable":true,"href":"https:\/\/euterpe.alternativagrafica.mx\/index.php?rest_route=%2Fwp%2Fv2%2Fcomments&post=2"}],"version-history":[{"count":73,"href":"https:\/\/euterpe.alternativagrafica.mx\/index.php?rest_route=\/wp\/v2\/pages\/2\/revisions"}],"predecessor-version":[{"id":9187,"href":"https:\/\/euterpe.alternativagrafica.mx\/index.php?rest_route=\/wp\/v2\/pages\/2\/revisions\/9187"}],"wp:attachment":[{"href":"https:\/\/euterpe.alternativagrafica.mx\/index.php?rest_route=%2Fwp%2Fv2%2Fmedia&parent=2"}],"curies":[{"name":"wp","href":"https:\/\/api.w.org\/{rel}","templated":true}]}}